{"id":40,"date":"2024-11-06T15:43:49","date_gmt":"2024-11-06T15:43:49","guid":{"rendered":"https:\/\/cyberprotect.provesonlinevalles.com\/?page_id=40"},"modified":"2026-01-13T17:25:01","modified_gmt":"2026-01-13T16:25:01","slug":"declaracion-de-accesibilidad","status":"publish","type":"page","link":"https:\/\/cyberprotect.provesonlinevalles.com\/en\/declaracion-de-accesibilidad\/","title":{"rendered":"Accesibilidad"},"content":{"rendered":"<p>CyberProtect se ha comprometido a hacer accesible su sitio web, de conformidad con el Real Decreto 1112\/2018, de 7 de septiembre, sobre accesibilidad de los sitios web y aplicaciones para dispositivos m\u00f3viles del sector p\u00fablico.<\/p>\n\n\n\n<p>Esta declaraci\u00f3n de accesibilidad se aplica a esta web.<\/p>\n\n\n\n<h2 class=\"wp-block-heading\">Situaci\u00f3n de cumplimiento<\/h2>\n\n\n\n<p>Este sitio web est\u00e1 desarrollado de acuerdo con el RD 1112\/2018<\/p>\n\n\n\n<h2 class=\"wp-block-heading\">Preparaci\u00f3n para la siguiente declaraci\u00f3n de accesibilidad<\/h2>\n\n\n\n<p>Esta declaraci\u00f3n fue preparada el 20 de mayo de 2023.<\/p>\n\n\n\n<p>El m\u00e9todo empleado para preparar la declaraci\u00f3n ha sido una autoevaluaci\u00f3n.<\/p>\n\n\n\n<h2 class=\"wp-block-heading\">Observaciones y datos de contacto<\/h2>\n\n\n\n<p>Puede realizar comunicaciones sobre requisitos de accesibilidad (art\u00edculo 10.2.a del RD 1112\/2018) como:<\/p>\n\n\n\n<ul class=\"wp-block-list\">\n<li>Informar sobre cualquier posible incumplimiento por parte de este sitio web<\/li>\n\n\n\n<li>Transmitir otras dificultades de acceso al contenido<\/li>\n\n\n\n<li>Formular cualquier otra consulta o sugerencia de mejora relativa a la accesibilidad del sitio web a trav\u00e9s de formulario de contacto de este sitio web o a trav\u00e9s del n\u00famero de tel\u00e9fono 93 768 52 49<\/li>\n<\/ul>\n\n\n\n<p>Puede presentar:<\/p>\n\n\n\n<ul class=\"wp-block-list\">\n<li>Queja relativa al cumplimiento de los requisitos del RD 1112\/2018<\/li>\n\n\n\n<li>Solicitud de informaci\u00f3n accesible relativa a:\n<ul class=\"wp-block-list\">\n<li>Contenidos que est\u00e1n excluidos del \u00e1mbito de aplicaci\u00f3n del RD 1112\/2018 seg\u00fan lo que establece el art\u00edculo 3, apartado 4<\/li>\n\n\n\n<li>Contenidos que est\u00e1n exentos del cumplimiento de los requisitos de accesibilidad para imponer una carga desproporcionada<\/li>\n\n\n\n<li>En la Solicitud de informaci\u00f3n accesible, deben concretarse, con toda claridad, los hechos, las razones y la petici\u00f3n que permitan constatar que se trata de una solicitud razonable y leg\u00edtima.<\/li>\n<\/ul>\n<\/li>\n<\/ul>\n\n\n\n<p>Las quejas y reclamaciones sobre informaci\u00f3n accesible se realizar\u00e1n a trav\u00e9s de la sede electr\u00f3nica (<a href=\"https:\/\/sede.red.gob.es\/procedimientos\/quejas-y-sugerencias\" target=\"_blank\" rel=\"noreferrer noopener\">https:\/\/sede.red.gob.es\/procedimientos\/quejas-y-sugerencias<\/a>), y ser\u00e1n recibidas y tratadas por el \u00e1rea de Sistemas de la Informaci\u00f3n de Red.es.<\/p>\n\n\n\n<h2 class=\"wp-block-heading\">Contenido opcional<\/h2>\n\n\n\n<ul class=\"wp-block-list\">\n<li>Si desea cambiar el tama\u00f1o de letra del texto en los principales navegadores gr\u00e1ficos utilice los siguientes men\u00fas:<\/li>\n\n\n\n<li>Safari: Ver &gt; Hacer el texto m\u00e1s grande<\/li>\n\n\n\n<li>Chrome: Controla la p\u00e1gina actual &gt; Tama\u00f1o del texto<\/li>\n<\/ul>\n\n\n\n<p>Para modificar el tama\u00f1o de todo en la p\u00e1gina:<\/p>\n\n\n\n<ul class=\"wp-block-list\">\n<li>Ctrl++ para aumentarlo<\/li>\n\n\n\n<li>Ctrl + \u2013 para disminuirlo<\/li>\n\n\n\n<li>Ctrl + 0 restaura el tama\u00f1o original del texto<\/li>\n\n\n\n<li>Si lo que desea es anular la hoja de estilos o modificar el color del texto, puede consultar la p\u00e1gina How to Change Text Size o Colores de la WAI, que se puede leer traducido al espa\u00f1ol en C\u00f3mo cambiar el tama\u00f1o del texto o colores?<\/li>\n<\/ul>","protected":false},"excerpt":{"rendered":"<p>se ha comprometido a hacer accesible su sitio web, de conformidad con el Real Decreto 1112\/2018, de 7 de septiembre, sobre accesibilidad de los sitios web y aplicaciones para dispositivos m\u00f3viles del sector p\u00fablico. Esta declaraci\u00f3n de accesibilidad se aplica a esta web. Situaci\u00f3n de cumplimiento Este sitio web est\u00e1 desarrollado de acuerdo con el [&hellip;]<\/p>\n","protected":false},"author":2,"featured_media":0,"parent":0,"menu_order":0,"comment_status":"closed","ping_status":"closed","template":"","meta":{"_acf_changed":false,"footnotes":""},"class_list":["post-40","page","type-page","status-publish","hentry"],"acf":[],"_links":{"self":[{"href":"https:\/\/cyberprotect.provesonlinevalles.com\/en\/wp-json\/wp\/v2\/pages\/40","targetHints":{"allow":["GET"]}}],"collection":[{"href":"https:\/\/cyberprotect.provesonlinevalles.com\/en\/wp-json\/wp\/v2\/pages"}],"about":[{"href":"https:\/\/cyberprotect.provesonlinevalles.com\/en\/wp-json\/wp\/v2\/types\/page"}],"author":[{"embeddable":true,"href":"https:\/\/cyberprotect.provesonlinevalles.com\/en\/wp-json\/wp\/v2\/users\/2"}],"replies":[{"embeddable":true,"href":"https:\/\/cyberprotect.provesonlinevalles.com\/en\/wp-json\/wp\/v2\/comments?post=40"}],"version-history":[{"count":15,"href":"https:\/\/cyberprotect.provesonlinevalles.com\/en\/wp-json\/wp\/v2\/pages\/40\/revisions"}],"predecessor-version":[{"id":3286,"href":"https:\/\/cyberprotect.provesonlinevalles.com\/en\/wp-json\/wp\/v2\/pages\/40\/revisions\/3286"}],"wp:attachment":[{"href":"https:\/\/cyberprotect.provesonlinevalles.com\/en\/wp-json\/wp\/v2\/media?parent=40"}],"curies":[{"name":"wp","href":"https:\/\/api.w.org\/{rel}","templated":true}]}}

<p>CyberProtect se ha comprometido a hacer accesible su sitio web, de conformidad con el Real Decreto 1112/2018, de 7 de septiembre, sobre accesibilidad de los sitios web y aplicaciones para dispositivos móviles del sector público.</p>



<p>Esta declaración de accesibilidad se aplica a esta web.</p>



<h2 class="wp-block-heading">Situación de cumplimiento</h2>



<p>Este sitio web está desarrollado de acuerdo con el RD 1112/2018</p>



<h2 class="wp-block-heading">Preparación para la siguiente declaración de accesibilidad</h2>



<p>Esta declaración fue preparada el 20 de mayo de 2023.</p>



<p>El método empleado para preparar la declaración ha sido una autoevaluación.</p>



<h2 class="wp-block-heading">Observaciones y datos de contacto</h2>



<p>Puede realizar comunicaciones sobre requisitos de accesibilidad (artículo 10.2.a del RD 1112/2018) como:</p>



<ul class="wp-block-list">
<li>Informar sobre cualquier posible incumplimiento por parte de este sitio web</li>



<li>Transmitir otras dificultades de acceso al contenido</li>



<li>Formular cualquier otra consulta o sugerencia de mejora relativa a la accesibilidad del sitio web a través de formulario de contacto de este sitio web o a través del número de teléfono 93 768 52 49</li>
</ul>



<p>Puede presentar:</p>



<ul class="wp-block-list">
<li>Queja relativa al cumplimiento de los requisitos del RD 1112/2018</li>



<li>Solicitud de información accesible relativa a:
<ul class="wp-block-list">
<li>Contenidos que están excluidos del ámbito de aplicación del RD 1112/2018 según lo que establece el artículo 3, apartado 4</li>



<li>Contenidos que están exentos del cumplimiento de los requisitos de accesibilidad para imponer una carga desproporcionada</li>



<li>En la Solicitud de información accesible, deben concretarse, con toda claridad, los hechos, las razones y la petición que permitan constatar que se trata de una solicitud razonable y legítima.</li>
</ul>
</li>
</ul>



<p>Las quejas y reclamaciones sobre información accesible se realizarán a través de la sede electrónica (<a href="https://sede.red.gob.es/procedimientos/quejas-y-sugerencias" target="_blank" rel="noreferrer noopener">https://sede.red.gob.es/procedimientos/quejas-y-sugerencias</a>), y serán recibidas y tratadas por el área de Sistemas de la Información de Red.es.</p>



<h2 class="wp-block-heading">Contenido opcional</h2>



<ul class="wp-block-list">
<li>Si desea cambiar el tamaño de letra del texto en los principales navegadores gráficos utilice los siguientes menús:</li>



<li>Safari: Ver &gt; Hacer el texto más grande</li>



<li>Chrome: Controla la página actual &gt; Tamaño del texto</li>
</ul>



<p>Para modificar el tamaño de todo en la página:</p>



<ul class="wp-block-list">
<li>Ctrl++ para aumentarlo</li>



<li>Ctrl + – para disminuirlo</li>



<li>Ctrl + 0 restaura el tamaño original del texto</li>



<li>Si lo que desea es anular la hoja de estilos o modificar el color del texto, puede consultar la página How to Change Text Size o Colores de la WAI, que se puede leer traducido al español en Cómo cambiar el tamaño del texto o colores?</li>
</ul>

<p>se ha comprometido a hacer accesible su sitio web, de conformidad con el Real Decreto 1112/2018, de 7 de septiembre, sobre accesibilidad de los sitios web y aplicaciones para dispositivos móviles del sector público. Esta declaración de accesibilidad se aplica a esta web. Situación de cumplimiento Este sitio web está desarrollado de acuerdo con el [&hellip;]</p>
